 the highest common factor of 66 and 3729.
33
Calculate the highest common divisor of 28 and 40.
4
Calculate the greatest common factor of 6 and 654.
6
What is the greatest common divisor of 27 and 639?
9
What is the greatest common factor of 4141 and 123?
41
What is the highest common divisor of 3528 and 49?
49
What is the highest common factor of 72 and 936?
72
Calculate the greatest common factor of 24141 and 39.
39
Calculate the greatest common factor of 16 and 164.
4
Calculate the highest common divisor of 1420 and 14768.
284
Calculate the highest common factor of 7413 and 14.
7
What is the greatest common factor of 41 and 14309?
41
What is the highest common divisor of 864 and 384?
96
What is the highest common factor of 48 and 39?
3
What is the highest common factor of 204 and 1564?
68
What is the highest common divisor of 425 and 34?
17
What is the highest common divisor of 2 and 2430?
2
What is the highest common divisor of 323 and 152?
19
What is the greatest common factor of 30 and 45?
15
What is the highest common divisor of 98 and 3283?
49
Calculate the highest common factor of 220 and 154.
22
What is the greatest common factor of 575 and 75?
25
What is the highest common factor of 81 and 135?
27
Calculate the greatest common divisor of 17 and 1122.
17
What is the greatest common divisor of 152 and 836?
76
Calculate the highest common factor of 6846 and 168.
42
What is the greatest common factor of 105 and 30?
15
Calculate the highest common divisor of 392 and 49.
49
What is the highest common divisor of 7 and 259?
7
What is the highest common factor of 24 and 744?
24
Calculate the highest common divisor of 40 and 280.
40
Calculate the highest common divisor of 105 and 147.
21
What is the greatest common divisor of 123 and 3?
3
Calculate the highest common divisor of 702 and 270.
54
What is the greatest common divisor of 253 and 22?
11
What is the highest common factor of 112 and 392?
56
What is the greatest common factor of 1947 and 66?
33
What is the greatest common divisor of 1805 and 475?
95
What is the greatest common divisor of 21 and 27?
3
Calculate the highest common divisor of 126 and 25788.
42
Calculate the highest common divisor of 360 and 72.
72
What is the highest common factor of 198 and 110?
22
What is the highest common factor of 4925 and 225?
25
What is the highest common divisor of 1908 and 756?
36
What is the greatest common factor of 226 and 50511?
113
What is the highest common factor of 76 and 7828?
76
Calculate the greatest common divisor of 81 and 3888.
81
What is the greatest common factor of 7711 and 11?
11
What is the highest common divisor of 649 and 308?
11
Calculate the highest common factor of 36 and 672.
12
What is the highest common divisor of 66 and 366?
6
Calculate the greatest common divisor of 420 and 1236.
12
Calculate the greatest common divisor of 58 and 319.
29
Calculate the highest common divisor of 93 and 124.
31
What is the greatest common factor of 4450 and 75?
25
What is the greatest common divisor of 10 and 2390?
10
What is the greatest common factor of 16 and 712?
8
What is the greatest common divisor of 38 and 10?
2
Calculate the highest common divisor of 36 and 100.
4
What is the greatest common divisor of 28 and 10108?
28
Calculate the greatest common divisor of 925 and 1591.
37
Calculate the greatest common divisor of 20 and 260.
20
What is the greatest common divisor of 1158 and 24?
6
What is the greatest common factor of 4800 and 16?
16
Calculate the greatest common divisor of 23 and 2668.
23
Calculate the greatest common factor of 222 and 30.
6
Calculate the greatest common divisor of 24805 and 205.
205
Calculate the highest common divisor of 10 and 160.
10
Calculate the highest common divisor of 258 and 430.
86
What is the highest common factor of 8 and 6712?
8
Calculate the highest common divisor of 15599 and 19.
19
Calculate the greatest common factor of 41 and 16646.
41
What is the highest common factor of 22 and 704?
22
Calculate the highest common divisor of 35 and 190.
5
What is the highest common divisor of 1683 and 209?
11
Calculate the highest common factor of 3546 and 90.
18
Calculate the highest common factor of 31 and 124.
31
Calculate the greatest common factor of 720 and 4176.
144
What is the greatest common divisor of 16 and 304?
16
Calculate the highest common factor of 3149 and 67.
67
Calculate the greatest common divisor of 4095 and 140.
35
What is the greatest common factor of 92 and 805?
23
Calculate the highest common divisor of 9 and 2259.
9
Calculate the highest common factor of 11625 and 558.
93
What is the highest common divisor of 9154 and 92?
46
What is the greatest common divisor of 32 and 464?
16
Calculate the highest common divisor of 1716 and 396.
132
Calculate the greatest common factor of 140 and 4860.
20
Calculate the greatest common factor of 57 and 7809.
57
Calculate the highest common factor of 167 and 18203.
167
Calculate the highest common factor of 1241 and 219.
73
Calculate the greatest common divisor of 9635 and 2115.
235
Calculate the highest common factor of 128 and 672.
32
What is the greatest common divisor of 200 and 880?
40
Calculate the highest common factor of 63 and 231.
21
Calculate the greatest common factor of 262 and 35894.
262
Calculate the greatest common factor of 16 and 6344.
8
What is the greatest common divisor of 620 and 45?
5
Calculate the greatest common factor of 20 and 3260.
20
Calculate the highest common divisor of 6888 and 49.
7
Calculate the greatest common divisor of 90 and 738.
18
What is the greatest common divisor of 1925 and 3619?
77
What is the greatest common divisor of 4249 and 14?
7
Calculate the greatest common divisor of 155 and 5.
5
Calculate the highest common divisor of 432 and 270.
54
Calculate the highest common factor of 18 and 783.
9
What is the highest common divisor of 15 and 4635?
15
What is the greatest common divisor of 747 and 72?
9
Calculate the highest common divisor of 1584 and 3456.
144
What is the highest common factor of 24 and 878?
2
What is the greatest common divisor of 3056 and 8?
8
What is the greatest common divisor of 3775 and 151?
151
Calculate the highest common divisor of 7423 and 13.
13
Calculate the greatest common factor of 678 and 12.
6
What is the greatest common factor of 38 and 3211?
19
Calculate the greatest common factor of 1139 and 335.
67
Calculate the greatest common factor of 5014 and 1090.
218
What is the highest common factor of 5688 and 504?
72
What is the greatest common factor of 136 and 1544?
8
What is the greatest common divisor of 16 and 262?
2
What is the highest common factor of 33504 and 12?
12
Calculate the highest common factor of 24 and 128.
8
Calculate the greatest common divisor of 611 and 39.
13
Calculate the greatest common divisor of 44 and 143.
11
What is the highest common divisor of 11739 and 26?
13
What is the greatest common factor of 480 and 1560?
120
Calculate the greatest common divisor of 509 and 1.
1
Calculate the greatest common divisor of 275 and 10780.
55
Calculate the greatest common factor of 26 and 13403.
13
What is the highest common factor of 52809 and 87?
87
Calculate the highest common divisor of 84 and 1946.
14
Calculate the greatest common factor of 1184 and 128.
32
Calculate the highest common divisor of 3280 and 1920.
80
Calculate the highest common factor of 93 and 899.
31
What is the greatest common divisor of 158 and 21646?
158
Calculate the highest common factor of 731 and 86.
43
Calculate the greatest common factor of 9570 and 132.
66
What is the highest common divisor of 14 and 7406?
14
Calculate the greatest common factor of 6 and 66.
6
Calculate the highest common factor of 789 and 6.
3
What is the greatest common divisor of 6 and 45?
3
Calculate the greatest common divisor of 35 and 13405.
35
Calculate the highest common divisor of 4 and 50.
2
Calculate the highest common factor of 32 and 3.
1
Calculate the highest common factor of 22 and 88.
22
Calculate the greatest common divisor of 9234 and 190.
38
What is the greatest common divisor of 1980 and 33?
33
What is the greatest common factor of 12427 and 258?
43
What is the highest common divisor of 2 and 529?
1
What is the highest common factor of 1